{"id":28,"date":"2023-03-05T06:39:40","date_gmt":"2023-03-05T06:39:40","guid":{"rendered":"https:\/\/bestforbeauty.de\/hu\/?page_id=28"},"modified":"2023-04-21T02:19:30","modified_gmt":"2023-04-21T02:19:30","slug":"kapcsolat","status":"publish","type":"page","link":"https:\/\/bestforbeauty.de\/hun\/kapcsolat\/","title":{"rendered":"Kapcsolat"},"content":{"rendered":"<h3 class=\"wp-block-heading has-text-align-center\">Kapcsolati inform\u00e1ci\u00f3k<\/h3><p class=\"has-text-align-center\">B\u00e1tran haszn\u00e1lja <strong>kapcsolatfelv\u00e9teli \u0171rlapunkat<\/strong>, ha egyedi, nem k\u00f6telez\u0151 \u00e9rv\u00e9ny\u0171 aj\u00e1nlatot szeretne, vagy <strong>forduljon hozz\u00e1nk k\u00f6zvetlen\u00fcl!<\/strong><\/p><div class=\"wpforms-container wpforms-container-full wpforms-block wpforms-block-040038a5-0e6d-4c73-9e79-e95927a74ef6\" id=\"wpforms-1630\"><form id=\"wpforms-form-1630\" class=\"wpforms-validate wpforms-form wpforms-ajax-form\" data-formid=\"1630\" method=\"post\" enctype=\"multipart\/form-data\" action=\"\/hun\/wp-json\/wp\/v2\/pages\/28\" data-token=\"0da2e2dded0149a963862a9d067e02f5\" data-token-time=\"1776167826\"><noscript class=\"wpforms-error-noscript\">Please enable JavaScript in your browser to complete this form.<\/noscript><div class=\"wpforms-field-container\"><div id=\"wpforms-1630-field_1-container\" class=\"wpforms-field wpforms-field-name\" data-field-id=\"1\"><label class=\"wpforms-field-label\" for=\"wpforms-1630-field_1\">N\u00e9v<\/label><input type=\"text\" id=\"wpforms-1630-field_1\" class=\"wpforms-field-medium\" name=\"wpforms[fields][1]\" ><\/div><div id=\"wpforms-1630-field_2-container\" class=\"wpforms-field wpforms-field-email\" data-field-id=\"2\"><label class=\"wpforms-field-label\" for=\"wpforms-1630-field_2\">E-Mail<\/label><input type=\"email\" id=\"wpforms-1630-field_2\" class=\"wpforms-field-medium\" name=\"wpforms[fields][2]\" spellcheck=\"false\" ><\/div><div id=\"wpforms-1630-field_3-container\" class=\"wpforms-field wpforms-field-text\" data-field-id=\"3\"><label class=\"wpforms-field-label\" for=\"wpforms-1630-field_3\">T\u00e1rgy<\/label><input type=\"text\" id=\"wpforms-1630-field_3\" class=\"wpforms-field-medium\" name=\"wpforms[fields][3]\" ><\/div><div id=\"wpforms-1630-field_4-container\" class=\"wpforms-field wpforms-field-textarea\" data-field-id=\"4\"><label class=\"wpforms-field-label\" for=\"wpforms-1630-field_4\">\u00dczenet<\/label><textarea id=\"wpforms-1630-field_4\" class=\"wpforms-field-medium\" name=\"wpforms[fields][4]\" ><\/textarea><\/div><\/div><!-- .wpforms-field-container --><div class=\"wpforms-submit-container\" ><input type=\"hidden\" name=\"wpforms[id]\" value=\"1630\"><input type=\"hidden\" name=\"page_title\" value=\"\"><input type=\"hidden\" name=\"page_url\" value=\"https:\/\/bestforbeauty.de\/hun\/wp-json\/wp\/v2\/pages\/28\"><button type=\"submit\" name=\"wpforms[submit]\" id=\"wpforms-submit-1630\" class=\"wpforms-submit\" data-alt-text=\"K\u00fcld\u00e9s...\" data-submit-text=\"Elk\u00fcld\" aria-live=\"assertive\" value=\"wpforms-submit\">Elk\u00fcld<\/button><img loading=\"lazy\" decoding=\"async\" src=\"https:\/\/bestforbeauty.de\/hun\/wp-content\/plugins\/wpforms-lite\/assets\/images\/submit-spin.svg\" class=\"wpforms-submit-spinner\" style=\"display: none;\" width=\"26\" height=\"26\" alt=\"Loading\"><\/div><\/form><\/div>  <!-- .wpforms-container --><div class=\"wp-block-columns is-layout-flex wp-container-core-columns-is-layout-1 wp-block-columns-is-layout-flex\"><div class=\"wp-block-column is-layout-flow wp-block-column-is-layout-flow\"><figure class=\"wp-block-image aligncenter size-full is-resized\"><img loading=\"lazy\" decoding=\"async\" src=\"https:\/\/bestforbeauty.de\/hun\/wp-content\/uploads\/sites\/6\/2023\/04\/3586360_email_envelope_mail_send_icon.png\" alt=\"e-mail k\u00fcld\u00e9s ikon\n\" class=\"wp-image-5685\" width=\"50\" height=\"50\" srcset=\"https:\/\/bestforbeauty.de\/hun\/wp-content\/uploads\/sites\/6\/2023\/04\/3586360_email_envelope_mail_send_icon.png 512w, https:\/\/bestforbeauty.de\/hun\/wp-content\/uploads\/sites\/6\/2023\/04\/3586360_email_envelope_mail_send_icon-300x300.png 300w, https:\/\/bestforbeauty.de\/hun\/wp-content\/uploads\/sites\/6\/2023\/04\/3586360_email_envelope_mail_send_icon-150x150.png 150w, https:\/\/bestforbeauty.de\/hun\/wp-content\/uploads\/sites\/6\/2023\/04\/3586360_email_envelope_mail_send_icon-380x380.png 380w, https:\/\/bestforbeauty.de\/hun\/wp-content\/uploads\/sites\/6\/2023\/04\/3586360_email_envelope_mail_send_icon-420x420.png 420w, https:\/\/bestforbeauty.de\/hun\/wp-content\/uploads\/sites\/6\/2023\/04\/3586360_email_envelope_mail_send_icon-100x100.png 100w, https:\/\/bestforbeauty.de\/hun\/wp-content\/uploads\/sites\/6\/2023\/04\/3586360_email_envelope_mail_send_icon-50x50.png 50w, https:\/\/bestforbeauty.de\/hun\/wp-content\/uploads\/sites\/6\/2023\/04\/3586360_email_envelope_mail_send_icon-64x64.png 64w\" sizes=\"(max-width: 50px) 100vw, 50px\" \/><\/figure>\n\n<h5 class=\"wp-block-heading has-text-align-center\">E-mailc\u00edm<\/h5>\n\n<p class=\"has-text-align-center has-color-1-color has-text-color\">info@bestforbeauty.de<\/p><\/div>\n\n<div class=\"wp-block-column is-layout-flow wp-block-column-is-layout-flow\"><div class=\"wp-block-image\"><figure class=\"aligncenter size-full is-resized\"><img loading=\"lazy\" decoding=\"async\" src=\"https:\/\/bestforbeauty.de\/hun\/wp-content\/uploads\/sites\/6\/2023\/04\/2516843_earphone_handsfree_headphone_headset_multimedia_icon.png\" alt=\"telefonsz\u00e1m ikon\" class=\"wp-image-5688\" width=\"50\" height=\"50\" srcset=\"https:\/\/bestforbeauty.de\/hun\/wp-content\/uploads\/sites\/6\/2023\/04\/2516843_earphone_handsfree_headphone_headset_multimedia_icon.png 512w, https:\/\/bestforbeauty.de\/hun\/wp-content\/uploads\/sites\/6\/2023\/04\/2516843_earphone_handsfree_headphone_headset_multimedia_icon-300x300.png 300w, https:\/\/bestforbeauty.de\/hun\/wp-content\/uploads\/sites\/6\/2023\/04\/2516843_earphone_handsfree_headphone_headset_multimedia_icon-150x150.png 150w, https:\/\/bestforbeauty.de\/hun\/wp-content\/uploads\/sites\/6\/2023\/04\/2516843_earphone_handsfree_headphone_headset_multimedia_icon-380x380.png 380w, https:\/\/bestforbeauty.de\/hun\/wp-content\/uploads\/sites\/6\/2023\/04\/2516843_earphone_handsfree_headphone_headset_multimedia_icon-420x420.png 420w, https:\/\/bestforbeauty.de\/hun\/wp-content\/uploads\/sites\/6\/2023\/04\/2516843_earphone_handsfree_headphone_headset_multimedia_icon-100x100.png 100w, https:\/\/bestforbeauty.de\/hun\/wp-content\/uploads\/sites\/6\/2023\/04\/2516843_earphone_handsfree_headphone_headset_multimedia_icon-50x50.png 50w, https:\/\/bestforbeauty.de\/hun\/wp-content\/uploads\/sites\/6\/2023\/04\/2516843_earphone_handsfree_headphone_headset_multimedia_icon-64x64.png 64w\" sizes=\"(max-width: 50px) 100vw, 50px\" \/><\/figure><\/div>\n\n<h5 class=\"wp-block-heading has-text-align-center\">Telefonsz\u00e1m<\/h5>\n\n<p class=\"has-text-align-center has-color-1-color has-text-color\">+49 176 31 400 404<\/p><\/div>\n\n<div class=\"wp-block-column is-layout-flow wp-block-column-is-layout-flow\"><div class=\"wp-block-image\"><figure class=\"aligncenter size-full is-resized\"><img loading=\"lazy\" decoding=\"async\" src=\"https:\/\/bestforbeauty.de\/hun\/wp-content\/uploads\/sites\/6\/2023\/04\/1564524_adress_gps_location_pin_position_icon.png\" alt=\"c\u00edm lok\u00e1ci\u00f3 ikon\" class=\"wp-image-5690\" width=\"50\" height=\"50\" srcset=\"https:\/\/bestforbeauty.de\/hun\/wp-content\/uploads\/sites\/6\/2023\/04\/1564524_adress_gps_location_pin_position_icon.png 512w, https:\/\/bestforbeauty.de\/hun\/wp-content\/uploads\/sites\/6\/2023\/04\/1564524_adress_gps_location_pin_position_icon-300x300.png 300w, https:\/\/bestforbeauty.de\/hun\/wp-content\/uploads\/sites\/6\/2023\/04\/1564524_adress_gps_location_pin_position_icon-150x150.png 150w, https:\/\/bestforbeauty.de\/hun\/wp-content\/uploads\/sites\/6\/2023\/04\/1564524_adress_gps_location_pin_position_icon-380x380.png 380w, https:\/\/bestforbeauty.de\/hun\/wp-content\/uploads\/sites\/6\/2023\/04\/1564524_adress_gps_location_pin_position_icon-420x420.png 420w, https:\/\/bestforbeauty.de\/hun\/wp-content\/uploads\/sites\/6\/2023\/04\/1564524_adress_gps_location_pin_position_icon-100x100.png 100w, https:\/\/bestforbeauty.de\/hun\/wp-content\/uploads\/sites\/6\/2023\/04\/1564524_adress_gps_location_pin_position_icon-50x50.png 50w, https:\/\/bestforbeauty.de\/hun\/wp-content\/uploads\/sites\/6\/2023\/04\/1564524_adress_gps_location_pin_position_icon-64x64.png 64w\" sizes=\"(max-width: 50px) 100vw, 50px\" \/><\/figure><\/div>\n\n<h5 class=\"wp-block-heading has-text-align-center\">C\u00edm<\/h5>\n\n<p class=\"has-text-align-center has-color-1-color has-text-color\">Hauptstrasse 33<br>74196 Neuenstadt am Kocher<\/p><\/div>\n\n<div class=\"wp-block-column is-layout-flow wp-block-column-is-layout-flow\"><div class=\"wp-block-image\"><figure class=\"aligncenter size-full is-resized\"><img loading=\"lazy\" decoding=\"async\" src=\"https:\/\/bestforbeauty.de\/hun\/wp-content\/uploads\/sites\/6\/2023\/04\/6827666_fax_multimedia_print_printer_ui_icon.png\" alt=\"fax ikon\" class=\"wp-image-5693\" width=\"50\" height=\"50\" srcset=\"https:\/\/bestforbeauty.de\/hun\/wp-content\/uploads\/sites\/6\/2023\/04\/6827666_fax_multimedia_print_printer_ui_icon.png 512w, https:\/\/bestforbeauty.de\/hun\/wp-content\/uploads\/sites\/6\/2023\/04\/6827666_fax_multimedia_print_printer_ui_icon-300x300.png 300w, https:\/\/bestforbeauty.de\/hun\/wp-content\/uploads\/sites\/6\/2023\/04\/6827666_fax_multimedia_print_printer_ui_icon-150x150.png 150w, https:\/\/bestforbeauty.de\/hun\/wp-content\/uploads\/sites\/6\/2023\/04\/6827666_fax_multimedia_print_printer_ui_icon-380x380.png 380w, https:\/\/bestforbeauty.de\/hun\/wp-content\/uploads\/sites\/6\/2023\/04\/6827666_fax_multimedia_print_printer_ui_icon-420x420.png 420w, https:\/\/bestforbeauty.de\/hun\/wp-content\/uploads\/sites\/6\/2023\/04\/6827666_fax_multimedia_print_printer_ui_icon-100x100.png 100w, https:\/\/bestforbeauty.de\/hun\/wp-content\/uploads\/sites\/6\/2023\/04\/6827666_fax_multimedia_print_printer_ui_icon-50x50.png 50w, https:\/\/bestforbeauty.de\/hun\/wp-content\/uploads\/sites\/6\/2023\/04\/6827666_fax_multimedia_print_printer_ui_icon-64x64.png 64w\" sizes=\"(max-width: 50px) 100vw, 50px\" \/><\/figure><\/div>\n\n<h5 class=\"wp-block-heading has-text-align-center\">FAX<\/h5>\n\n<p class=\"has-text-align-center has-color-1-color has-text-color\">0049 (0) 7139 931 69 03<\/p><\/div><\/div><hr class=\"wp-block-separator has-text-color has-color-5-color has-alpha-channel-opacity has-color-5-background-color has-background is-style-wide\"\/><iframe src=\"https:\/\/www.google.com\/maps\/embed?pb=!1m18!1m12!1m3!1d2605.0861948870497!2d9.326026515459741!3d49.23685498193804!2m3!1f0!2f0!3f0!3m2!1i1024!2i768!4f13.1!3m3!1m2!1s0x479823541a1e1413%3A0xf10cb46f48408734!2sHauptstra%C3%9Fe%2033%2C%2074196%20Neuenstadt%20am%20Kocher%2C%20N%C3%A9metorsz%C3%A1g!5e0!3m2!1shu!2shu!4v1678280230065!5m2!1shu!2shu\" width=\"1280\" height=\"600\" style=\"border:0;\" allowfullscreen=\"\" loading=\"lazy\" referrerpolicy=\"no-referrer-when-downgrade\"><\/iframe>","protected":false},"excerpt":{"rendered":"<p>Kapcsolati inform\u00e1ci\u00f3k B\u00e1tran haszn\u00e1lja kapcsolatfelv\u00e9teli \u0171rlapunkat, ha egyedi, nem k\u00f6telez\u0151 \u00e9rv\u00e9ny\u0171 aj\u00e1nlatot szeretne, vagy forduljon hozz\u00e1nk k\u00f6zvetlen\u00fcl! E-mailc\u00edm info@bestforbeauty.de Telefonsz\u00e1m +49 176 31 400 404 C\u00edm Hauptstrasse 3374196 Neuenstadt am [&hellip;]<\/p>\n","protected":false},"author":1,"featured_media":0,"parent":0,"menu_order":0,"comment_status":"closed","ping_status":"closed","template":"","meta":{"rank_math_lock_modified_date":false,"footnotes":""},"class_list":["post-28","page","type-page","status-publish","hentry"],"_links":{"self":[{"href":"https:\/\/bestforbeauty.de\/hun\/wp-json\/wp\/v2\/pages\/28"}],"collection":[{"href":"https:\/\/bestforbeauty.de\/hun\/wp-json\/wp\/v2\/pages"}],"about":[{"href":"https:\/\/bestforbeauty.de\/hun\/wp-json\/wp\/v2\/types\/page"}],"author":[{"embeddable":true,"href":"https:\/\/bestforbeauty.de\/hun\/wp-json\/wp\/v2\/users\/1"}],"replies":[{"embeddable":true,"href":"https:\/\/bestforbeauty.de\/hun\/wp-json\/wp\/v2\/comments?post=28"}],"version-history":[{"count":1,"href":"https:\/\/bestforbeauty.de\/hun\/wp-json\/wp\/v2\/pages\/28\/revisions"}],"predecessor-version":[{"id":5694,"href":"https:\/\/bestforbeauty.de\/hun\/wp-json\/wp\/v2\/pages\/28\/revisions\/5694"}],"wp:attachment":[{"href":"https:\/\/bestforbeauty.de\/hun\/wp-json\/wp\/v2\/media?parent=28"}],"curies":[{"name":"wp","href":"https:\/\/api.w.org\/{rel}","templated":true}]}}