{"id":1615,"date":"2023-03-05T10:27:09","date_gmt":"2023-03-05T10:27:09","guid":{"rendered":"https:\/\/bestforbeauty.de\/hu\/?post_type=product&#038;p=1615"},"modified":"2023-04-17T14:09:55","modified_gmt":"2023-04-17T14:09:55","slug":"clariss-tunika-applikalt-feher-szurke-alapszinben","status":"publish","type":"product","link":"https:\/\/bestforbeauty.de\/hun\/produkt\/clariss-tunika-applikalt-feher-szurke-alapszinben\/","title":{"rendered":"Clariss tunika \u2013 applik\u00e1lt, feh\u00e9r sz\u00fcrke alapsz\u00ednben"},"content":{"rendered":"<p>Tunik\u00e1ink strapab\u00edr\u00f3 anyagb\u00f3l k\u00e9sz\u00fclnek, melynek \u00f6sszet\u00e9tele: 65% poli\u00e9szter \u00e9s 35% pamut. Anyags\u0171r\u0171s\u00e9g: 190 g\/m\u00b2. Sz\u00edn\u00e9t sok\u00e1ig megtartja. 60 \u00b0C-on moshat\u00f3. Sz\u00ednes text\u00edli\u00e1khoz alkalmas mos\u00f3por haszn\u00e1lata javasolt. T\u00fal forr\u00f3 vasal\u00f3val t\u00f6rt\u00e9n\u0151 vasal\u00e1s eset\u00e9n az anyag megolvadhat, ez\u00e9rt vasal\u00e1s k\u00f6zben fokozott \u00f3vatoss\u00e1g aj\u00e1nlott.<\/p>\n<p>K\u00e9rj\u00fck, v\u00e1lassza ki az applik\u00e1ci\u00f3s cs\u00edk sz\u00edn\u00e9t \u00e9s a k\u00edv\u00e1nt m\u00e9retet!<\/p>\n<p>260 g\/darab<\/p>\n","protected":false},"excerpt":{"rendered":"<ul>\n<li aria-level=\"1\">Alapsz\u00edn: feh\u00e9r<\/li>\n<li aria-level=\"1\">Applik\u00e1ci\u00f3s cs\u00edk sz\u00edne: V\u00e1laszthat\u00f3<\/li>\n<li aria-level=\"1\">M\u00e9ret: 32\u201348++<\/li>\n<li aria-level=\"1\">Anyag\u00f6sszet\u00e9tel: 65% poli\u00e9szter \u00e9s 35% pamut<\/li>\n<li aria-level=\"1\">St\u00edlusos \u00e9s divatos ruh\u00e1zat munka k\u00f6zben is<\/li>\n<li aria-level=\"1\">60 \u00b0C-on moshat\u00f3<\/li>\n<\/ul>\n","protected":false},"featured_media":5174,"comment_status":"open","ping_status":"closed","template":"","meta":{"rank_math_lock_modified_date":false},"product_cat":[25],"product_tag":[],"class_list":{"0":"post-1615","1":"product","2":"type-product","3":"status-publish","4":"has-post-thumbnail","6":"product_cat-tunika-clariss","8":"first","9":"instock","10":"taxable","11":"shipping-taxable","12":"purchasable","13":"product-type-variable"},"_links":{"self":[{"href":"https:\/\/bestforbeauty.de\/hun\/wp-json\/wp\/v2\/product\/1615"}],"collection":[{"href":"https:\/\/bestforbeauty.de\/hun\/wp-json\/wp\/v2\/product"}],"about":[{"href":"https:\/\/bestforbeauty.de\/hun\/wp-json\/wp\/v2\/types\/product"}],"replies":[{"embeddable":true,"href":"https:\/\/bestforbeauty.de\/hun\/wp-json\/wp\/v2\/comments?post=1615"}],"wp:featuredmedia":[{"embeddable":true,"href":"https:\/\/bestforbeauty.de\/hun\/wp-json\/wp\/v2\/media\/5174"}],"wp:attachment":[{"href":"https:\/\/bestforbeauty.de\/hun\/wp-json\/wp\/v2\/media?parent=1615"}],"wp:term":[{"taxonomy":"product_cat","embeddable":true,"href":"https:\/\/bestforbeauty.de\/hun\/wp-json\/wp\/v2\/product_cat?post=1615"},{"taxonomy":"product_tag","embeddable":true,"href":"https:\/\/bestforbeauty.de\/hun\/wp-json\/wp\/v2\/product_tag?post=1615"}],"curies":[{"name":"wp","href":"https:\/\/api.w.org\/{rel}","templated":true}]}}