{"id":4512,"date":"2023-03-07T16:26:28","date_gmt":"2023-03-07T16:26:28","guid":{"rendered":"https:\/\/bestforbeauty.de\/hu\/?post_type=product&#038;p=4512"},"modified":"2023-04-16T05:44:30","modified_gmt":"2023-04-16T05:44:30","slug":"nagy-meretu-csipeszes-huzatfeszito-ket-darabos-csomag","status":"publish","type":"product","link":"https:\/\/bestforbeauty.de\/hun\/produkt\/nagy-meretu-csipeszes-huzatfeszito-ket-darabos-csomag\/","title":{"rendered":"Nagy m\u00e9ret\u0171 csipeszes huzatfesz\u00edt\u0151 (k\u00e9t darabos csomag)"},"content":{"rendered":"<p>Nagy m\u00e9ret\u0171 csipeszes huzatfesz\u00edt\u0151 (k\u00e9t darabos csomag)<\/p>\n<p>A kezel\u0151p\u00e1rn\u00e1k csatlakoztat\u00e1s\u00e1ra szolg\u00e1l (a kezel\u0151\u00e1gyhoz tartoz\u00f3 t\u00e9rd- \u00e9s nyakp\u00e1rn\u00e1khoz, t\u00e9rdt\u00e1maszt\u00f3khoz \u00e9s k\u00e9zt\u00e1maszt\u00f3khoz).<\/p>\n<p>R\u00f6gz\u00edti a nagy m\u00e9ret\u0171 huzatot (p\u00e9ld\u00e1ul spa \u00e1gyhuzatot), hogy az ne cs\u00fasszon el, t\u00f6k\u00e9letes illeszked\u00e9st biztos\u00edtva.<\/p>\n<p>40 g\/csomag<\/p>\n","protected":false},"excerpt":{"rendered":"<ul>\n<li aria-level=\"1\">K\u00e9t darabos csomag<\/li>\n<li aria-level=\"1\">A kezel\u0151p\u00e1rn\u00e1k csatlakoztat\u00e1s\u00e1ra szolg\u00e1l<\/li>\n<li aria-level=\"1\">T\u00f6k\u00e9letes illeszked\u00e9st biztos\u00edt<\/li>\n<\/ul>\n<p>&nbsp;<\/p>\n","protected":false},"featured_media":4593,"comment_status":"open","ping_status":"closed","template":"","meta":{"rank_math_lock_modified_date":false},"product_cat":[19],"product_tag":[],"class_list":{"0":"post-4512","1":"product","2":"type-product","3":"status-publish","4":"has-post-thumbnail","6":"product_cat-kiegeszitok","8":"first","9":"instock","10":"taxable","11":"shipping-taxable","12":"purchasable","13":"product-type-simple"},"_links":{"self":[{"href":"https:\/\/bestforbeauty.de\/hun\/wp-json\/wp\/v2\/product\/4512"}],"collection":[{"href":"https:\/\/bestforbeauty.de\/hun\/wp-json\/wp\/v2\/product"}],"about":[{"href":"https:\/\/bestforbeauty.de\/hun\/wp-json\/wp\/v2\/types\/product"}],"replies":[{"embeddable":true,"href":"https:\/\/bestforbeauty.de\/hun\/wp-json\/wp\/v2\/comments?post=4512"}],"wp:featuredmedia":[{"embeddable":true,"href":"https:\/\/bestforbeauty.de\/hun\/wp-json\/wp\/v2\/media\/4593"}],"wp:attachment":[{"href":"https:\/\/bestforbeauty.de\/hun\/wp-json\/wp\/v2\/media?parent=4512"}],"wp:term":[{"taxonomy":"product_cat","embeddable":true,"href":"https:\/\/bestforbeauty.de\/hun\/wp-json\/wp\/v2\/product_cat?post=4512"},{"taxonomy":"product_tag","embeddable":true,"href":"https:\/\/bestforbeauty.de\/hun\/wp-json\/wp\/v2\/product_tag?post=4512"}],"curies":[{"name":"wp","href":"https:\/\/api.w.org\/{rel}","templated":true}]}}